Is -5 - 2520752/(-130)*5 a composite number?
True
Let q(n) = -22967*n + 2663. Is q(-10) composite?
False
Let s(c) = c**2 + 25*c + 35. Let h be s(-24). Suppose 2*j = -h*j + 30329. Is j a composite number?
False
Let c(l) = -21*l**3 + 7*l**2 + 21*l - 129. Is c(-14) composite?
False
Let s = -1590848 + 2279359. Is s a prime number?
True
Suppose -q = 2*o - 6, 3*q - 17 + 1 = -5*o. Suppose o*f - 1376 = 2010. Is f a composite number?
False
Let g = 32589 - -9790. Is g prime?
True
Let x = -676883 + 971310. Is x a prime number?
False
Let u be (280/(-168))/((-1)/3). Let k(x) = 8*x**3 - 4*x + 9. Is k(u) prime?
False
Let k = 189 + -264. Is (125886/(-15))/(30/k) composite?
False
Suppose 2*i + 2 = 2*h, 4*h = -i - i + 28. Let v(u) = 7 - 1941*u + 5*u**2 + 1941*u. Is v(i) a composite number?
True
Suppose -2*h + 19162 = 4*k, 123*h - 119*h - 38279 = k. Is h a prime number?
False
Suppose -5*h + 69 = 29. Let y be ((-86)/h)/(10/120). Let j = y + 1178. Is j a composite number?
False
Suppose 64*f + 116*f = 103366497 + 57029883. Is f prime?
True
Let v = 19 - 14. Suppose -v*o - 2835 = 12955. Let t = -2179 - o. Is t a prime number?
False
Let f(j) = 14154*j**2 - 63*j - 39. Is f(4) prime?
False
Suppose 2339*l - 2329*l - 261490 = 0. Is l a prime number?
False
Suppose 0 = 4*o + 2*w - 3009789 - 4482095, -2*o + 3745966 = 4*w. Is o a prime number?
False
Let h be 1*(-1)/(6/(-13314)). Is ((-2)/(-2))/(7/h) a prime number?
True
Suppose y - 149657 + 9968 = -2*c, -5*y + 5*c + 698385 = 0. Is y a prime number?
True
Let z(r) = 2 - 5 - 3*r + 44*r**2 + 41*r**2. Let x be z(3). Suppose 392 = d - x. Is d a composite number?
True
Suppose 0 = -19*h + 26 + 164. Suppose 2*a + 19 = -4*k + 63, -h = -2*k - 4*a. Suppose 0 = k*z + z - 4102. Is z a composite number?
False
Suppose 142*f = 147*f + 1910. Let h = 48 + -1539. Let i = f - h. Is i a prime number?
True
Suppose 57*v + 47*v - 254696 = 0. Is v prime?
False
Suppose -81*m + 78*m = 0. Suppose 4*y + 5*o - 741 = 0, m*y - 2*o - 348 = -2*y. Is y a composite number?
False
Suppose -4*x - 56 + 84 = 0. Suppose -i = -2*g - 9, 4*g - 26 = -4*i + x*g. Suppose 3*y = i*y - 742. Is y a composite number?
True
Suppose 3*q + 7 = 4*q. Suppose 46 = -q*b + 193. Is b/42 + ((-5770)/(-4) - 2) a prime number?
False
Let c be -18*(1 + 4/3). Let g be c/(-15) + (-3)/(-15). Suppose 690 - 5007 = -g*w. Is w a prime number?
True
Let g(o) = 412*o**2 + 190*o - 7835. Is g(87) a prime number?
True
Let y(d) be the second derivative of 2*d**5/5 - d**4/4 - d**3/6 - d**2/2 - 22*d. Let n be y(6). Suppose 5*a = 4948 - n. Is a a prime number?
False
Suppose -4*k - 39 = 2*n - 17, -2*k = 3*n + 41. Is (88736/(-30))/(-16) - 2/n a prime number?
False
Is (13/(-91))/(4/(-610876)) composite?
False
Let w(n) = -54*n**2 + 11*n - 14. Let l be w(-9). Let i = 7846 + l. Is i composite?
False
Suppose 2*d = -3*d - 140. Let k = 578 - 575. Is d/21 + 2068/3 + k prime?
True
Let b be ((-3)/(-2))/1 - (-4689)/2. Let d = 4001 - b. Is d a composite number?
True
Let x(i) = 655*i**2 - 88*i + 785. Is x(8) a prime number?
False
Let w = -7 - -7. Suppose -2*g + c + 3*c + 12 = w, -4*c = 4*g - 12. Suppose -933 = -g*d + 1415. Is d composite?
False
Let z be 24/(-6) + 340*13. Suppose -o + z = -5*p, 0 = -2*o + p + 3*p + 8820. Is o composite?
True
Suppose -50*o - 13080278 = -191*o + 4851115. Is o a prime number?
False
Let o = -8 + 8. Suppose 5*j = 3*l - 6, 0*l - 3*l + 3*j + 6 = o. Suppose -1028 = -l*d - 150. Is d prime?
True
Let h(v) = 9790*v - 841. Is h(6) composite?
False
Let d(f) = -f**2 + 16*f - 35. Let m be d(14). Let p be (-930 - m)*(2 - 0 - 4). Is -1 + p + (1 - -1) a prime number?
True
Let p(t) = t + 4. Let d be p(-7). Let u be d + (-9)/(-3) + (-2690)/2. Let f = -600 - u. Is f a composite number?
True
Let g = -229 + 234. Suppose b - 11*d + 7*d = 323, -2*d = g*b - 1527. Is b a composite number?
False
Let m be (15/6 - 4)*(1 + 1). Let z(n) = 3*n + 9. Let r be z(m). Suppose 5*f - 4641 - 554 = r. Is f a composite number?
False
Let p be 6/(-3)*(-5 - (-6 - 0)). Is ((-42213)/(-30) - p) + (-24)/240 a prime number?
True
Let h(v) be the third derivative of v**4/8 + 5*v**3 - 7*v**2. Let i be h(-10). Suppose -2*b + b + 43 = i. Is b composite?
False
Is ((28 - 13)/(-15))/((-2)/1900882*1) composite?
True
Let k = 39 + -36. Suppose 16 = 4*i + 4*a, -k*i - 2*i + 20 = -5*a. Suppose -7*q = i*q - 9526. Is q composite?
True
Let c = -212 - -221. Is (-9644)/(-32) + c/(-24) a composite number?
True
Suppose 0 = -2*r + 147056 - 16144. Suppose 44291 = 11*n - r. Is n a composite number?
True
Suppose -b = -6*b + 1200. Let v = 209 + b. Is v a prime number?
True
Let v = 155 - 145. Is (-78)/10*-213 + (-4)/v prime?
False
Suppose 0 = -2*i + 6*s - 4*s + 1566, 4*s - 3164 = -4*i. Let l = 0 + i. Is l a prime number?
True
Suppose -2*b + 55 = 3*c, 5*b = 5*c - 5 - 120. Let y(z) = 14 + 8 - c - 111*z. Is y(-2) prime?
True
Let j = -24634 + 47247. Is j composite?
False
Let i(g) = 44*g**2 + 5*g - 4. Let b(c) = 9*c**3 + 2*c - 2. Let s be b(1). Suppose -9 - 18 = -s*j. Is i(j) a prime number?
False
Suppose -37*t + 10188026 = -1439927. Is t a composite number?
True
Is 6671334/16 + (-5)/(-8) a prime number?
False
Let l(s) = s**2 - s + 1. Let c(o) = o**2 - 9*o + 8. Let z be c(7). Let u(t) = -177*t**2 + 4*t - 11. Let a(j) = z*l(j) - u(j). Is a(-3) a prime number?
False
Let s(j) = -29*j - 201. Let v be s(-7). Is ((-5814)/(-4) - -7)*v a composite number?
True
Let o = 343 + -339. Is -2*(6 + 34935/(-2) + o) prime?
False
Suppose 8 + 1 = 3*v. Suppose -4*t + c = -15871, t = -v*c + c + 3961. Is t composite?
False
Let j(n) be the second derivative of 479*n**3/6 + 8*n**2 - 9*n - 6. Is j(9) a prime number?
True
Let z(a) = 2*a**3 - 17*a**2 - 37*a + 47. Let c be z(14). Suppose -m + c = -11634. Is m prime?
False
Suppose 4*c - 24617 = -b, 5*c = -3*b + 118917 - 45108. Is b prime?
True
Let j(r) = -2*r**2 - 6*r. Suppose -21*o - 20 = -16*o. Let l be j(o). Is ((0 - -173) + l/(-12))*3 prime?
True
Is (20572 + 1)/((-10 - -15) + -4) a prime number?
False
Suppose 518*f - 5425802 = 10921323 + 5208927. Is f composite?
True
Let t(d) = 66312*d - 1577. Is t(7) a composite number?
False
Let w be 4576/(-2 + -2)*8/4. Let m = 7549 + w. Is m a prime number?
True
Let v(t) be the second derivative of -t**4/12 + t**2/2 + 17*t. Let f(l) = -5*l**2 + 9*l - 9. Let q(o) = -f(o) + 2*v(o). Is q(-11) a prime number?
False
Let u = -154301 - -324474. Is u prime?
False
Suppose -4*b - 551 = -4827. Let u(m) = -m + 7. Let y be u(4). Suppose -y*i = -b - 854. Is i a prime number?
True
Let m = 12721 + -6199. Suppose 7*s - 4*s = m. Is s prime?
False
Suppose -4*z - z = -31435. Let t be (-4)/(24/(-18)) - (-5 - -6). Suppose 0 = t*h + d - 2516, 3*d - z = -5*h - d. Is h a composite number?
False
Let r(u) = -223*u + 8. Let n = -12 + 25. Let m(s) = -111*s + 3. Let p(j) = n*m(j) - 6*r(j). Is p(-2) a prime number?
False
Let u(r) = 4*r + 33. Let q be u(-7). Let l(j) = -3*j - j + q*j**2 - 1 + j**2 - 6*j. Is l(-3) a composite number?
False
Let x be -42*(2/(-3))/(10/(-3545)). Is (-9)/((-72)/16)*x/(-4) a prime number?
False
Let m(j) = j**3 - 19*j**2 + 2. Let f be m(19). Let v(a) = 16*a**f - 8*a + 5*a + 3 - 6. Is v(-4) composite?
True
Let l = -15 - -19. Suppose 7 - l = o. Suppose 4*n + 3*j = -0*n + 2918, -o*n = -3*j - 2199. Is n composite?
True
Let f(h) = 500*h - 129. Is f(37) a prime number?
True
Let l(g) = -g**2 - g. Let q be l(-13). Let r = q - -415. Is r composite?
True
Let m be -3 + 8 + (-5 - -3). Suppose m*q + 0*t - 5*t - 32 = 0, 3*q - 4*t = 28. Suppose -q*z = -g + 451, -z = -3*g + 789 + 553. Is g a composite number?
True
Suppose 4*y + 744 = -q, -5*y + 3*q - 494 = 436. Let a = -25 - y. Is a a prime number?
False
Let i = 2422 + -1487. Let h = i + 2056. Is h a prime number?
False
Let y = -17 + 27. Let s be (2 - -1)/(-11 + 12). Is (s - 32/y) + (-3792)/(-10) a composite number?
False
Let s(k) = -k**2 + 9*k - 22. Let g be s(6). Let o be 113/((4/40)/(g/10)). Let b = 1431 + o. Is b composite?
True
Let t(p) = -4*p + 32. Let y be t(8). Suppose y = r - 4, -5*i + 3*r - 483 = -2556. Suppose -2*l + 2623 = i. Is l composite?
False
Let t(h) = 33*h - 24. Let i(b) = -b + 1. Let f(r) = -i(r) - t(r). Let q be f(-6). Suppose -2*y - y + 609 = -3*s, 4*s = y - q. Is y composite?
False
Is 1071354/8 + (-9)/(-45)*25/(-20) a prime number?
True
Suppose -11*q + 249763